f 1 and 2203.
1
What is the highest common factor of 13 and 351?
13
Calculate the highest common divisor of 6435 and 693.
99
What is the greatest common divisor of 5536 and 173?
173
Calculate the greatest common factor of 318 and 1802.
106
Calculate the greatest common factor of 1012 and 2484.
92
What is the greatest common factor of 348 and 12963?
87
What is the highest common factor of 77 and 990?
11
What is the greatest common divisor of 110 and 10?
10
Calculate the greatest common divisor of 1 and 211.
1
What is the highest common factor of 480 and 11200?
160
What is the greatest common factor of 196 and 56?
28
Calculate the greatest common factor of 80 and 2000.
80
What is the greatest common divisor of 20 and 260?
20
Calculate the highest common divisor of 528 and 48.
48
Calculate the highest common divisor of 21 and 1470.
21
Calculate the highest common divisor of 23 and 4577.
23
What is the highest common divisor of 30816 and 16?
16
What is the highest common divisor of 92 and 5336?
92
Calculate the greatest common factor of 44 and 4708.
44
What is the greatest common divisor of 235 and 141?
47
Calculate the greatest common divisor of 265 and 3127.
53
What is the greatest common divisor of 7792 and 16?
16
Calculate the greatest common divisor of 6 and 48.
6
Calculate the greatest common divisor of 40 and 160.
40
Calculate the highest common factor of 559 and 26.
13
What is the greatest common factor of 66 and 24?
6
What is the greatest common factor of 132 and 4884?
132
What is the highest common factor of 4600 and 100?
100
Calculate the greatest common divisor of 27 and 27.
27
What is the highest common factor of 37 and 4?
1
What is the greatest common divisor of 196 and 49?
49
What is the greatest common factor of 424 and 901?
53
Calculate the greatest common divisor of 5291 and 11.
11
What is the greatest common divisor of 64 and 8?
8
What is the greatest common factor of 1400 and 250?
50
Calculate the greatest common factor of 20 and 12.
4
Calculate the highest common factor of 60 and 980.
20
What is the greatest common factor of 26 and 1469?
13
Calculate the greatest common factor of 510 and 68.
34
What is the greatest common factor of 4 and 12?
4
What is the greatest common factor of 570 and 30?
30
What is the greatest common divisor of 64408 and 249?
83
Calculate the highest common factor of 18 and 576.
18
Calculate the greatest common divisor of 38 and 4978.
38
Calculate the highest common divisor of 11592 and 1764.
252
What is the greatest common factor of 16577 and 121?
121
What is the highest common factor of 246 and 8487?
123
What is the highest common divisor of 1188 and 11?
11
Calculate the greatest common factor of 30 and 4820.
10
Calculate the greatest common factor of 322 and 506.
46
What is the greatest common factor of 1340 and 10?
10
What is the greatest common factor of 8 and 124?
4
What is the highest common factor of 208 and 364?
52
What is the highest common divisor of 14 and 10?
2
Calculate the greatest common divisor of 3 and 33.
3
Calculate the greatest common factor of 19 and 59.
1
What is the highest common divisor of 112 and 3472?
112
What is the highest common divisor of 16 and 18992?
16
Calculate the greatest common factor of 36 and 2826.
18
Calculate the highest common divisor of 134 and 68206.
134
What is the highest common factor of 68 and 8?
4
Calculate the highest common divisor of 22 and 143.
11
What is the greatest common factor of 26328 and 24?
24
Calculate the greatest common divisor of 888 and 16.
8
Calculate the highest common divisor of 26 and 11674.
26
What is the greatest common factor of 11568 and 1687?
241
What is the greatest common factor of 41474 and 1398?
466
What is the greatest common divisor of 7945 and 245?
35
What is the highest common factor of 12 and 243?
3
Calculate the highest common factor of 5600 and 336.
112
What is the greatest common factor of 31944 and 264?
264
What is the highest common divisor of 3 and 12?
3
What is the highest common factor of 62 and 1178?
62
What is the highest common factor of 1320 and 165?
165
What is the highest common factor of 3795 and 22?
11
Calculate the highest common divisor of 8 and 1852.
4
What is the highest common factor of 58 and 1537?
29
Calculate the highest common divisor of 689 and 424.
53
What is the greatest common divisor of 846 and 522?
18
Calculate the greatest common divisor of 6 and 1878.
6
What is the highest common factor of 64 and 16384?
64
What is the highest common factor of 44 and 1683?
11
Calculate the greatest common factor of 84 and 56.
28
What is the greatest common factor of 66 and 506?
22
Calculate the greatest common factor of 985 and 5.
5
Calculate the greatest common factor of 1496 and 55.
11
What is the highest common factor of 45530 and 580?
290
What is the highest common divisor of 1037 and 61?
61
Calculate the highest common divisor of 8 and 824.
8
What is the greatest common factor of 3565 and 460?
115
Calculate the greatest common factor of 612 and 68.
68
Calculate the highest common divisor of 60 and 105.
15
Calculate the greatest common divisor of 1855 and 140.
35
Calculate the greatest common factor of 1449 and 4725.
63
Calculate the highest common factor of 88 and 770.
22
Calculate the greatest common divisor of 133 and 126.
7
Calculate the greatest common factor of 20 and 2540.
20
What is the highest common factor of 24743 and 327?
109
Calculate the highest common divisor of 80 and 1808.
16
What is the highest common divisor of 294 and 28?
14
Calculate the greatest common factor of 1413 and 72.
9
Calculate the greatest common factor of 1692 and 36.
36
What is the greatest common factor of 45 and 615?
15
Calculate the greatest common factor of 159 and 159.
159
What is the highest common divisor of 29 and 46458?
29
Calculate the highest common divisor of 808 and 2.
2
What is the highest common divisor of 4 and 3436?
4
What is the greatest common divisor of 102 and 5083?
17
What is the greatest common factor of 184 and 1426?
46
Calculate the highest common divisor of 125 and 125.
125
What is the highest common factor of 11 and 143?
11
What is the highest common divisor of 255 and 390?
15
Calculate the greatest common divisor of 61 and 1.
1
What is the greatest common divisor of 11609 and 13?
13
What is the highest common factor of 12 and 6108?
12
Calculate the highest common factor of 2226 and 212.
106
What is the greatest common factor of 889 and 7?
7
What is the greatest common divisor of 351 and 195?
39
Calculate the highest common divisor of 24 and 324.
12
Calculate the highest common divisor of 44 and 64.
4
Calculate the greatest common factor of 90 and 1125.
45
What is the highest common divisor of 427 and 61?
61
Calculate the greatest common factor of 776 and 16393.
97
What is the highest common divisor of 72 and 72?
72
Calculate the highest common divisor of 22 and 18667.
11
Calculate the highest common divisor of 112 and 98.
14
What is the highest common factor of 91 and 247?
13
What is the greatest common factor of 60 and 84?
12
Calculate the greatest common divisor of 8870 and 10.
10
Calculate the greatest common factor of 37696 and 124.
124
Calculate the highest common factor of 4930 and 136.
34
Calculate the greatest common factor of 785 and 25.
5
Calculate the highest common factor of 45 and 585.
45
What is the highest common factor of 19 and 3?
1
Calculate the highest common divisor of 105 and 273.
21
Calculate the greatest common divisor of 185 and 407.
37
What is the greatest common divisor of 10585 and 145?
145
What is the highest common factor of 784 and 6468?
196
Calculate the highest common divisor of 30 and 375.
15
Calculate the greatest common factor of 294 and 252.
42
Calculate the highest common divisor of 80 and 4960.
80
Calculate the highest common factor of 186 and 7719.
93
What is the highest common factor of 6 and 9822?
6
What is the greatest common factor of 16 and 2?
2
What is the greatest common factor of 1596 and 76?
76
What is the highest common divisor of 36 and 192?
12
Calculate the highest common divisor of 19 and 589.
19
Calculate the highest common divisor of 32 and 176.
16
Calculate the greatest common factor of 3837 and 3.
3
Calculate the highest common di